{"id":110,"date":"2026-03-26T19:31:45","date_gmt":"2026-03-26T18:31:45","guid":{"rendered":"https:\/\/fhsolutions-winf.gbsl.website\/?post_type=product&#038;p=110"},"modified":"2026-05-01T15:26:16","modified_gmt":"2026-05-01T13:26:16","slug":"mittlere-drohne","status":"publish","type":"product","link":"https:\/\/fhsolutions-winf.gbsl.website\/index.php\/produkt\/mittlere-drohne\/","title":{"rendered":"Mittlere Drohne"},"content":{"rendered":"<p>Die mittlere Drohne \u00fcberzeugt mit einer leistungsstarken 4K-Kamera, pr\u00e4ziser GPS-Navigation und intelligenten Flugmodi. Sie eignet sich hervorragend f\u00fcr ambitionierte Hobby-Piloten sowie Content Creator. Mit stabiler Fluglage und erweiterten Funktionen gelingen beeindruckende Luftaufnahmen in hoher Qualit\u00e4t.<\/p>\n","protected":false},"excerpt":{"rendered":"<p>Leistungsstarke 4K-Drohne mit GPS und smarten Flugmodi \u2013 perfekt f\u00fcr Hobby-Piloten und Content Creator.<\/p>\n","protected":false},"featured_media":111,"comment_status":"open","ping_status":"closed","template":"","meta":[],"product_brand":[],"product_cat":[17],"product_tag":[],"class_list":{"0":"post-110","1":"product","2":"type-product","3":"status-publish","4":"has-post-thumbnail","6":"product_cat-unkategorisiert","8":"first","9":"instock","10":"virtual","11":"purchasable","12":"product-type-simple"},"_links":{"self":[{"href":"https:\/\/fhsolutions-winf.gbsl.website\/index.php\/wp-json\/wp\/v2\/product\/110","targetHints":{"allow":["GET"]}}],"collection":[{"href":"https:\/\/fhsolutions-winf.gbsl.website\/index.php\/wp-json\/wp\/v2\/product"}],"about":[{"href":"https:\/\/fhsolutions-winf.gbsl.website\/index.php\/wp-json\/wp\/v2\/types\/product"}],"replies":[{"embeddable":true,"href":"https:\/\/fhsolutions-winf.gbsl.website\/index.php\/wp-json\/wp\/v2\/comments?post=110"}],"wp:featuredmedia":[{"embeddable":true,"href":"https:\/\/fhsolutions-winf.gbsl.website\/index.php\/wp-json\/wp\/v2\/media\/111"}],"wp:attachment":[{"href":"https:\/\/fhsolutions-winf.gbsl.website\/index.php\/wp-json\/wp\/v2\/media?parent=110"}],"wp:term":[{"taxonomy":"product_brand","embeddable":true,"href":"https:\/\/fhsolutions-winf.gbsl.website\/index.php\/wp-json\/wp\/v2\/product_brand?post=110"},{"taxonomy":"product_cat","embeddable":true,"href":"https:\/\/fhsolutions-winf.gbsl.website\/index.php\/wp-json\/wp\/v2\/product_cat?post=110"},{"taxonomy":"product_tag","embeddable":true,"href":"https:\/\/fhsolutions-winf.gbsl.website\/index.php\/wp-json\/wp\/v2\/product_tag?post=110"}],"curies":[{"name":"wp","href":"https:\/\/api.w.org\/{rel}","templated":true}]}}